 are the prime factors of h?
2, 3
Let y = -18 - -30. Let t(r) = -r**2 + 11*r - 9. Let v be t(6). Let k = v - y. List the prime factors of k.
3
Let m(b) = b**3 - 7*b**2 + b - 3. Let d(s) be the third derivative of -s**4/24 + 5*s**3/2 + s**2. Let u be d(8). List the prime factors of m(u).
2
Let d(j) be the first derivative of -j**5/60 + j**4/24 - 2*j**3/3 + 1. Let m(i) be the third derivative of d(i). List the prime factors of m(-5).
11
Let i(g) be the third derivative of -g**4/24 + 5*g**3/6 - 2*g**2. Let j be i(0). What are the prime factors of (-2)/2 + j + 7?
11
Suppose -3*k + 26 = 3*x - 19, 3*x - 35 = -5*k. Suppose s - x = 1. What are the prime factors of s?
3, 7
Suppose 2*s - 4 = -4*r - 2, 2*s - 2*r + 16 = 0. Let n be 1/(6/39)*2. Let m = s + n. List the prime factors of m.
2
Let a(u) = 3*u - 5. List the prime factors of a(10).
5
Let z = 5 - 3. Suppose 0 = -3*b - 4*g + 72, -z*b - 2*g + 72 = b. List the prime factors of b.
2, 3
Let s(x) = 8*x**2 + 6*x - 11. What are the prime factors of s(3)?
79
List the prime factors of ((-67)/2)/(1/(-6)).
3, 67
Suppose 4*o - 2*i = 18 + 26, o + 5*i = 11. Suppose -o = -5*q + 4. Let v = 10 + q. What are the prime factors of v?
13
Let a = -5 - -15. Suppose 0 = z - a - 3. What are the prime factors of z?
13
Suppose -z - 216 = -4*z. What are the prime factors of z?
2, 3
Let q be (-68)/(-4)*(-4 - -3). Let i = 51 + q. List the prime factors of i.
2, 17
Suppose 5 + 1 = b - t, -4*b = -2*t - 20. Suppose -b*r = r + 15. What are the prime factors of (-44)/(-24) - r/18?
2
Let v be (16/(-3))/((-4)/174). Suppose -r = 3*r + v. List the prime factors of r/(-6) - (-2)/(-3).
3
Let g be 6/3*-1 + 4. Suppose -2*f = 3*f - 5*x - 170, 4 = -g*x. Suppose 3*p - f = -p. What are the prime factors of p?
2
Let t(v) = -v**3 + 9*v**2 + 10. What are the prime factors of t(9)?
2, 5
Let x(a) = a**2 - 7*a + 12. List the prime factors of x(11).
2, 7
Let v = 3 - 1. Let a(m) = 5*m**2 - 2 - m - 5*m**2 + m**3 + m**2. List the prime factors of a(v).
2
Let l(c) = -2*c + 29. List the prime factors of l(-14).
3, 19
Suppose 0 = 2*o - 8 - 0. Let v = o - -2. Suppose 3*g - 39 = -v. What are the prime factors of g?
11
Let u = -5 - -7. Let h be (-564)/(-44) + (-8)/(-44). What are the prime factors of 1 - (u + 0 - h)?
2, 3
Let o = 1 - -3. Suppose -2*t - 4*x + 46 = 0, -o*x - 118 = -5*t - 45. List the prime factors of t.
17
Suppose -2*y - y + 202 = m, 4*y + 872 = 4*m. What are the prime factors of m?
2, 107
Suppose 85 = 2*f - 29. What are the prime factors of f?
3, 19
Suppose 0 = 5*t - 3*n - 632, -2*t + 128 = -t - n. List the prime factors of t.
2, 31
Suppose -s - 5*m = -0*s - 44, 5*m + 176 = 4*s. Let t = s + -23. What are the prime factors of t?
3, 7
Let d(g) = 2 + 0 + 0 - 2*g - 3*g. What are the prime factors of d(-2)?
2, 3
Suppose 5*i = -5*b - 3 - 12, 0 = -i - 4. Let o be b/(-1)*(-15 - 0). Let m = o + -10. List the prime factors of m.
5
Let n(i) = -i + 12. Let l be n(5). Suppose -2*h + 3*h - l = 0. What are the prime factors of h?
7
Suppose h = 3*h + 3*j - 65, 32 = h + j. List the prime factors of h.
31
Let y(m) = -m**2 - 2*m + 3. Let r be y(-3). Suppose 3*a = 4*n + 32, r*a = 5*a + 5*n + 5. Suppose -a*b + 14 = -2. What are the prime factors of b?
2
Let f = -8 + 47. What are the prime factors of f?
3, 13
Let m(a) = 3*a**2 + a + 3. Let i be m(3). Suppose -i = -g + 4*h, -2*h = 4*g - 2*g - 36. List the prime factors of g.
3, 7
Let v(q) = 5*q - 9. What are the prime factors of v(7)?
2, 13
Let w be 1/4 - 49/4. Let s be (-3)/12 - 3/w. Suppose 0 = 3*f - s*f - 39. List the prime factors of f.
13
Suppose 2*b = -6, 4*b = -2*g - 4 + 10. Suppose -3*k - 5*d + 7 = k, -g = -4*k - 3*d. Suppose 4*c + 16 = 0, -c - c + 7 = k*f. What are the prime factors of f?
5
Suppose 7*d - 46 = 5*d. List the prime factors of d.
23
Suppose 13 = 3*t - 62. What are the prime factors of t?
5
Suppose 176 = 2*t - 14. List the prime factors of t.
5, 19
Suppose -o = 4*c + c + 13, -4 = 2*o - c. Suppose -2*n + 3*d = d - 20, 30 = 3*n - d. Let s = n + o. What are the prime factors of s?
7
Suppose -2*c + 14 = -0*c. List the prime factors of c.
7
Let h be (-1)/((-3)/(-42))*-5. Suppose y + 5*d - 56 = -3*y, -5*y = -d - h. List the prime factors of y.
2, 7
Let x(y) be the third derivative of -y**5/40 + y**4/12 + y**3/6 + 3*y**2. Let u(n) be the first derivative of x(n). What are the prime factors of u(-4)?
2, 7
Let i(b) = 4*b - 3. Let g be i(2). Suppose 0 = -g*n + n + 72. List the prime factors of n.
2, 3
Let b(z) = -z**3 - 24*z**2 - 54*z + 15. List the prime factors of b(-22).
5, 47
Suppose 2*v - 29 = v. Suppose -11 + 3 = 2*i, 2*i - v = -w. What are the prime factors of w?
37
Let u = 0 + 4. Suppose 4*j - 11 = -5*m + 56, 0 = u*j - m - 49. What are the prime factors of j?
13
Suppose 0*c + 20 = -5*c, 652 = 4*t + 2*c. List the prime factors of t.
3, 5, 11
List the prime factors of 2 + (1 - (-242 - 6)).
251
Suppose -c + 6*c + 2*q - 1275 = 0, 0 = -5*c + 5*q + 1275. List the prime factors of c.
3, 5, 17
Suppose -3*f + 348 = -0*f. What are the prime factors of f?
2, 29
Let t be (2 - 0) + -1 + -1. Let i be (-4 + 2)*(t + 2). Let q = 6 + i. List the prime factors of q.
2
List the prime factors of ((-40)/(-25))/(1/25).
2, 5
Suppose 0 = b - 180 - 71. List the prime factors of b.
251
Suppose 0 = 5*m + 33 - 8. Let v be (-1)/(1 - (-6)/m). Suppose 0 = 3*z + 2*l - 24 - v, -2*z - l + 21 = 0. List the prime factors of z.
13
Suppose -4*q - 2*i + 586 = 0, 2*q - 3*i - 29 = 252. List the prime factors of q.
5, 29
Let a = 7 + -2. Suppose 5*k = a*l + 25, -21 = -2*k - 2*l + 5. What are the prime factors of k?
3
Let d = 14 - 9. Suppose d*t - 23 = -2*b, 4*t + 3*b + b - 28 = 0. List the prime factors of t.
3
Suppose -2*u + 14 = -4*c, -c + 0*u + 4 = u. Let l = 6 - c. What are the prime factors of l?
7
Suppose 5*m + 45 = -4*a, -2*a + 4*m = -4 - 6. Let v = -31 - a. List the prime factors of -3 - -1 - v/2.
11
Let p = 14 - 22. Let q(b) = -b + 6. List the prime factors of q(p).
2, 7
Suppose 2*u - 3*r - 12 = 0, -7*r = u - 3*r + 16. Let p(s) = s**2 - 9*s - 2. Let l be p(4). List the prime factors of l/(-2) - (u + 1).
2, 5
Suppose -f = 4*f + 15, 3*r - 219 = -4*f. What are the prime factors of r?
7, 11
Let y = 17 - 15. Suppose n - 12 = 4*g, -3*n - y*n + 135 = 5*g. List the prime factors of n.
2, 3
Let b(p) = -p - 3. Let q be b(-8). Suppose 2*o - 8 = -w, q*w = o - 5 + 12. Suppose 0*t + t - 1 = 5*h, o*h = 5*t - 49. List the prime factors of t.
11
Suppose 2*x = 2*q - 3*x - 24, 2*q = -x + 12. List the prime factors of q.
7
Let u be (-57)/(-21) - (-6)/21. Suppose -3*h + 119 = x, 0*x = -3*h + u*x + 135. What are the prime factors of h?
41
Suppose -5*g - 12 = 4*y - 0, -5*y - 15 = 2*g. Let j(t) = 7*t**2 - t**2 + g*t - t. What are the prime factors of j(1)?
5
Let b be 21/2*4/(-6). Let h = b - -13. What are the prime factors of h?
2, 3
Let x(m) = 2*m**2 - 2*m. Let r be (-1)/5 + 11/5. Let b be x(r). Suppose s - 19 = b. List the prime factors of s.
23
Suppose 3*d - 2*p - 4 = 0, 3*p + 7 = 4*d + 2*p. Suppose 7 + 21 = d*q. List the prime factors of q.
2, 7
Let p(d) = -d**3 + 11*d**2 + 30*d - 21. List the prime factors of p(13).
31
Let v be 20/1*(-9)/(-12). Suppose v = d + 4*d. What are the prime factors of d?
3
Suppose -4*g = -0*g. List the prime factors of (12/15 - g)*10.
2
Let v = -1 + 9. Let g = v - -55. Suppose -4*h - 19 = -g. What are the prime factors of h?
11
Let i(q) = q**2 - 8*q + 4. Let z be i(7). Let v(u) = u**3 + u**2 + 4*u. Let n be v(z). List the prime factors of 3/(-1*9/n).
2, 5
Let s be (2 - 2)*1/1. Let k(n) = 7 - 2*n + n + n**2 - 2*n**2. List the prime factors of k(s).
7
Suppose -4*f + 71 = -161. What are the prime factors of f?
2, 29
Let h be (0 + (3 - 5))*-2. Suppose -5*x + 3*x + 31 = -p, 5*p - 27 = -h*x. What are the prime factors of x?
13
Suppose 2*t + 2*i = -3*t + 22, -3*t = 3*i - 15. Suppose o - 16 = -c - 0*o, -62 = -2*c + t*o. List the prime factors of c.
3, 7
What are the prime factors of (-40)/180 - (-3928)/18?
2, 109
Let n(u) = -u + 8. Let r be n(6). Suppose 2*y + 0 = 12. List the prime factors of -3*(-10)/y*r.
2, 5
Suppose 0 = 5*j - 25, 5*j = 4*z - 0*z - 11. What are the prime factors of z?
3
Let l be -11*(0/(-1) - -1). Suppose 2*c + 5*g = -c + 76, 4*c - 2*g = 84. Let r = l + c. List the prime factors of r.
11
Suppose -2*m - 2*m =